he units digit of o?
6
Let v be 2 + 90 + 0/2. Let h = v + -48. Suppose -h = -3*k + 10. What is the tens digit of k?
1
Let t(i) = 48*i**2 + 5*i - 2. What is the units digit of t(-3)?
5
Let c(f) = -f**2 + 2*f + 79. Let r be c(0). Suppose -15*k = -14*k - r. What is the units digit of k?
9
Let c(r) = r**3 - 12*r**2 + 10*r + 13. Let s be c(11). What is the units digit of (2 + -4)/(s/(-13))?
3
Let p = -2846 - -4094. What is the units digit of p?
8
What is the units digit of 3/((-204)/42 + 5)?
1
Suppose -2*f = -5*f - 9. What is the tens digit of (2 - 2) + f - -63?
6
Let a = -1740 + 3066. What is the tens digit of a?
2
Suppose 0 = 4*r + 2*q + 614, -3*r = -q + 344 + 129. Let g(l) = -3*l**2 + 3*l - 2. Let s be g(-5). Let w = s - r. What is the units digit of w?
4
Let u = 452 + 642. What is the hundreds digit of u?
0
Let g = -1134 + 1206. What is the units digit of g?
2
Let s = -1 - -2. Suppose g - 10 = 3*r, s = -4*g - g - 2*r. Suppose -5*c = -5*h - 80, 2*h + 2*h = -c + g. What is the tens digit of c?
1
Let u(j) be the third derivative of j**6/120 + j**5/20 - j**4/12 + 15*j**2. What is the units digit of u(-3)?
6
Let p be (3 + -2)/((-1)/(-149)). Suppose -i - 57 = -x, 2*x + 0*i = -5*i + p. Suppose 4*f + x = 222. What is the units digit of f?
0
Let l = -10 - -14. Suppose l*g - 120 = 96. Suppose -2*n = -4*n + g. What is the tens digit of n?
2
Let x = 31 + -67. Let z = -21 - -90. Let a = z + x. What is the tens digit of a?
3
Suppose 2*q = 4*o + 26, 0 = 3*q - 3*o + 2*o - 19. Suppose -q*v + 660 = 195. What is the units digit of v?
3
Let z(r) = r + 7. Let b be (-28)/12 - (-4)/(-6). Let o be z(b). Suppose a - 3 = -3*m, -o*m + 20 = 2*a - 5*m. What is the units digit of a?
9
Let t be (-18)/20*-2*5. What is the tens digit of (-452)/(-12) + 3/t?
3
Suppose 0 = -2*t - 3*b + 6*b + 2999, -3*b = -15. What is the hundreds digit of t?
5
Let m be (-8)/(-12) - 42/9. Let h be (1/3)/(m/24). Let c(s) = 5*s**2 + 2. What is the tens digit of c(h)?
2
Suppose -3*x - 460 - 304 = -4*u, -u + 168 = 5*x. What is the tens digit of u?
8
Let b(y) = 15*y**3 - 2*y**2 - 11*y + 7. What is the units digit of b(4)?
1
Suppose -14*y - 133 = -13643. What is the units digit of y?
5
Let p(b) = -233*b - 60. What is the tens digit of p(-5)?
0
Let a(s) = 123*s**2 - 2. What is the units digit of a(-2)?
0
Suppose -5*v - 22 = -2. Let t(p) = 5*p**2 + 1. What is the tens digit of t(v)?
8
Let d(a) = -2*a**2 - 10*a - 8. Let t be d(-3). Suppose -36 = -t*j - 0. What is the units digit of j?
9
Let r(z) be the first derivative of -z**5/60 - 5*z**4/24 + z**3 + z**2/2 + 4. Let s(b) be the second derivative of r(b). What is the units digit of s(-5)?
6
Let x be 24/16 - (-6)/(-4). Suppose 18 = 4*i + 2*d - 28, i - 2*d - 14 = x. Let r = i + -7. What is the units digit of r?
5
Let g = -43 + 91. Suppose o = -7 + g. What is the units digit of o?
1
Suppose 3*m - 12 = 0, -4*m = -4*g - 4 - 16. What is the tens digit of 471/12 + -2 - g/(-4)?
3
Let h(j) = 152*j - 127. What is the tens digit of h(4)?
8
Let f = -24 - -26. Suppose -4*b - 248 = -f*p, 2*p - 3*b + 114 = 3*p. What is the hundreds digit of p?
1
Let o = -26 - -76. Suppose v - o = 2*h, 150 = 3*v - 6*h + h. What is the tens digit of v?
5
Let l be 165/75 + (-2)/10. Suppose l*x - 315 = -3*x. What is the tens digit of x?
6
Suppose 11*r - 21*r = -3060. What is the units digit of r?
6
Suppose -s = -4*a + 11, 5*a - 2*s - 2 - 14 = 0. Suppose 8 + 66 = a*f. What is the tens digit of f?
3
What is the units digit of -4 - -3*2653/21?
5
Suppose 30089 = -36*g + 74333. What is the thousands digit of g?
1
Let f(u) = u**2 - 4. Suppose -q + 21 = -3*z - 8, 0 = 3*z - 4*q + 35. What is the units digit of f(z)?
7
Let z be ((-1)/3)/(2/(-36)). Suppose 3 = a - z. Suppose 3*b = a + 9. What is the units digit of b?
6
Let x(w) = w**2 - 7*w - 35. Let u be x(16). Let d = 183 - u. What is the tens digit of d?
7
Suppose 4*d - 1516 = 240. What is the tens digit of d?
3
Suppose 0 = 4*f - 5*p - 56, -4*f - 3*p = 2 - 58. Let n = 7 + f. What is the tens digit of ((-112)/(-21))/(2/n)?
5
Let j = -109 - -158. Let h(t) = -8*t - 1. Let q be h(-1). What is the units digit of q/(-2)*(-140)/j?
0
Suppose 35*i = 2460 + 69220. What is the thousands digit of i?
2
Let v(h) = -10*h - 14. Let i(t) = 3*t + 3. Let n be i(-3). What is the units digit of v(n)?
6
Suppose -4*r + 80 + 12 = 0. Let o be 3 - (r + (-3)/3). Let b = o + 75. What is the units digit of b?
6
Let p = -1675 - -1718. Suppose 0*i - 68 = 2*i. Let o = p + i. What is the units digit of o?
9
Suppose 405 + 152 = -3*d - 2*y, 2*d + 4*y + 366 = 0. What is the tens digit of 1/(2/d)*-2?
8
Let h = 9 + 21. Suppose h = l + 3*a - 30, 5*l + 2*a = 287. Suppose -n + 2*n = -5*v + l, 5*v = 25. What is the tens digit of n?
3
Let w(d) = -d**3 - 15*d**2 + 3*d + 50. Let y be w(-15). Suppose -3*h + 7*h + 2*s = 1114, y*s + 868 = 3*h. What is the hundreds digit of h?
2
Let j(m) be the third derivative of -m**6/120 - 2*m**5/15 - m**4/3 + 5*m**3/3 + 5*m**2. Let y be j(-7). Let a = y - 5. What is the tens digit of a?
1
Let g(o) = -94*o**3 + 3*o**2 - 6*o - 2. Let f(n) = -94*n**3 + 2*n**2 - 5*n - 1. Let q(w) = -4*f(w) + 3*g(w). What is the units digit of q(1)?
5
Let u(m) = 52*m - 2. Let f(b) = -2*b - 1. Let k(i) = -2*f(i) - 2*u(i). What is the hundreds digit of k(-3)?
3
Let f(h) be the second derivative of h**4/6 + h**3 - 7*h**2 - 12*h. What is the units digit of f(5)?
6
Let k(s) = -s**3 + s**2 - 2*s - 2. Let n be k(3). Let h = n - -28. Suppose h = -5*m + 67. What is the tens digit of m?
1
Suppose -942 = -20*n + 19*n - b, 0 = -4*n - b + 3780. What is the hundreds digit of n?
9
Let w(o) = o + 3. Let u be w(-7). Let i(m) = m**3 + 9*m**2 + 2*m + 1. What is the tens digit of i(u)?
7
Let y = 2672 + -1804. What is the hundreds digit of y?
8
Suppose 9*x - 6*x = 918. What is the units digit of x?
6
Let y(m) = -m - 2 - m**2 - 6*m - 3 - 2*m. What is the tens digit of y(-6)?
1
Suppose -n + 505 + 441 = 0. What is the hundreds digit of n?
9
Let x(f) = -f**3 - 3*f**2 + 4*f + 4. Let g be x(-4). Suppose 4*m = g*z + 8, -2*m + 9 = 1. What is the units digit of z?
2
Suppose 16114 = 4*z - 5*m, -5*z = -45*m + 46*m - 20157. What is the tens digit of z?
3
Let t = 245 - 89. Suppose c = 4*r - r - 117, 3*c = 4*r - t. What is the units digit of r?
9
Let q(k) = 12*k**2 - 17*k + 15. What is the tens digit of q(-6)?
4
Suppose 12*l - 6 = 30. Suppose -d = n - 6*d - 178, l*n + 2*d - 602 = 0. What is the units digit of n?
8
Let k(m) = 983*m - 223. What is the hundreds digit of k(2)?
7
Suppose 0 = l - 11 + 1. Suppose -2*j - 4 = -2*y - j, 5*y + 5*j - l = 0. Suppose -d + y = -15. What is the tens digit of d?
1
Let k(z) = z**3 + 8*z**2 + 5*z - 5. Let t be k(-7). Let y(s) = -2*s**3 - 8*s**2 + s - 3. Let i be y(-7). Suppose 5*h - t*h = -i. What is the units digit of h?
1
Suppose -2*m = -6, -m = 3*q - 4*q + 36. Suppose -q - 33 = -6*o. What is the units digit of o?
2
Let g(b) = b - 10. Let i be g(-14). What is the units digit of 7194/54 - (i/(-27))/4?
3
Let o(p) = -6*p - 2. Let z be o(-3). Let k = z + -11. Suppose 12 = k*d - 13. What is the units digit of d?
5
What is the units digit of -2 + -23*-2*17/2?
9
Let m(h) = -h**2 + 147. Let v(a) = -a**3 - 8*a**2 + 20*a. Let x be v(-10). What is the tens digit of m(x)?
4
Let h(n) = 17*n + 4. Let q be h(8). Suppose 2*i - 2*o = -2*i + 130, -5*i - 2*o + q = 0. What is the tens digit of i?
3
Suppose 4*a = -q + 1662, -361 = 3*a - 2*q - 1613. What is the units digit of a?
6
Let l(j) = j**2 - 7*j - 1. Let q be l(-6). Suppose -6*p = -377 - 55. Suppose -5*c = -4*x - p, 4*c = 3*x + q - 20. What is the units digit of c?
2
Let l be 2/(-4) - 566/(-4). What is the units digit of (2 - 1)/(1*1/l)?
1
Let c(x) = 78*x**2 - 35*x + 30. What is the hundreds digit of c(6)?
6
Let h(w) = 4*w**2 + 0*w**2 - 2 - 3*w**2 + 0. Let p be h(2). Suppose -5*m + 2*z + 109 = 0, -3*z = -5*m - p*z + 107. What is the units digit of m?
1
Suppose 0 = -c + 6 - 3. Let w be 0*((-6)/c)/6. Let b(z) = -z**2 + z + 2. What is the units digit of b(w)?
2
Let o(i) = i**3 - i**2 + 2*i + 4. Let m be o(0). Let t(r) = -r**2 + 4*r + 4. Let a be t(m). Let g(s) = s**2 + 4*s - 1. What is the units digit of g(a)?
1
Suppose -6*a = -a - 10, a = 5*r - 10858. What is the units digit of r?
2
Let d be 1*(47/9 - (-18)/(-81)). Suppose -5*u - 2*q = 3*q - 4